{"id":186,"date":"2025-05-27T14:53:21","date_gmt":"2025-05-27T12:53:21","guid":{"rendered":"http:\/\/vamalal.cluster100.hosting.ovh.net\/?page_id=186"},"modified":"2025-06-23T18:39:33","modified_gmt":"2025-06-23T16:39:33","slug":"sobre-mi","status":"publish","type":"page","link":"https:\/\/vamala.es\/index.php\/sobre-mi\/","title":{"rendered":"Sobre mi"},"content":{"rendered":"<div data-colibri-id=\"186-c1\" class=\"style-330 style-local-186-c1 position-relative\">\n  <!---->\n  <div data-colibri-component=\"section\" data-colibri-id=\"186-c2\" id=\"custom\" class=\"h-section h-section-global-spacing d-flex align-items-lg-center align-items-md-center align-items-center style-331 style-local-186-c2 position-relative\">\n    <!---->\n    <!---->\n    <div class=\"h-section-grid-container h-section-boxed-container\">\n      <!---->\n      <div data-colibri-id=\"186-c3\" class=\"h-row-container gutters-row-lg-2 gutters-row-md-2 gutters-row-1 gutters-row-v-lg-2 gutters-row-v-md-2 gutters-row-v-2 style-332 style-local-186-c3 position-relative\">\n        <!---->\n        <div class=\"h-row justify-content-lg-center justify-content-md-center justify-content-center align-items-lg-stretch align-items-md-stretch align-items-stretch gutters-col-lg-2 gutters-col-md-2 gutters-col-1 gutters-col-v-lg-2 gutters-col-v-md-2 gutters-col-v-2\">\n          <!---->\n          <div class=\"h-column h-column-container d-flex h-col-lg-auto h-col-md-auto h-col-auto style-333-outer style-local-186-c4-outer\">\n            <div data-colibri-id=\"186-c4\" class=\"d-flex h-flex-basis h-column__inner h-px-lg-2 h-px-md-2 h-px-2 v-inner-lg-2 v-inner-md-2 v-inner-2 style-333 style-local-186-c4 position-relative\">\n              <!---->\n              <!---->\n              <div class=\"w-100 h-y-container h-column__content h-column__v-align flex-basis-100 align-self-lg-center align-self-md-center align-self-center\">\n                <!---->\n                <div data-colibri-id=\"186-c5\" class=\"d-block style-335 style-local-186-c5 position-relative h-element\">\n                  <!---->\n                  <div class=\"h-image__frame-container-outer\">\n                    <div class=\"h-image__frame-container\">\n                      <!---->\n                      <!---->\n                      <img loading=\"lazy\" decoding=\"async\" width=\"764\" height=\"922\" src=\"http:\/\/vamalal.cluster100.hosting.ovh.net\/wp-content\/uploads\/2025\/05\/cropped-IMG_4251.jpg\" class=\"wp-image-351 style-335-image style-local-186-c5-image\" alt=\"\" srcset=\"https:\/\/vamala.es\/wp-content\/uploads\/2025\/05\/cropped-IMG_4251.jpg 764w, https:\/\/vamala.es\/wp-content\/uploads\/2025\/05\/cropped-IMG_4251-249x300.jpg 249w\" sizes=\"auto, (max-width: 764px) 100vw, 764px\" \/>\n                      <div class=\"h-image__frame h-hide-lg h-hide-md h-hide-sm style-335-frameImage style-local-186-c5-frameImage\"><\/div>\n                    <\/div>\n                  <\/div>\n                <\/div>\n              <\/div>\n            <\/div>\n          <\/div>\n          <div class=\"h-column h-column-container d-flex h-col-lg-auto h-col-md-auto h-col-auto style-334-outer style-local-186-c6-outer\">\n            <div data-colibri-id=\"186-c6\" class=\"d-flex h-flex-basis h-column__inner h-px-lg-2 h-px-md-2 h-px-2 v-inner-lg-2 v-inner-md-2 v-inner-2 style-334 style-local-186-c6 position-relative\">\n              <!---->\n              <!---->\n              <div class=\"w-100 h-y-container h-column__content h-column__v-align flex-basis-100 align-self-lg-center align-self-md-center align-self-center\">\n                <!---->\n                <div data-colibri-id=\"186-c7\" class=\"h-text h-text-component style-336 style-local-186-c7 position-relative h-element\">\n                  <!---->\n                  <!---->\n                  <div class=\"\">\n                    <p>\n                      <br>BIOGRAF\u00cdA<\/p>\n                    <p>\n                      <br>\n                    <\/p>\n                    <p><span style=\"font-size: 13px;\">Mi nombre es Valeria Mart\u00ednez Lanchares. Soy dise\u00f1adora de moda, amante de la fotograf\u00eda y la pintura. Mi camino se centra en la ilustraci\u00f3n naturalista, una pasi\u00f3n que cultivo desde la academia familiar donde imparto clases de arte.\u200b<\/span><\/p>\n                    <p><span style=\"font-size: 13px;\">A trav\u00e9s de mi proyecto Vamala, exploro la conexi\u00f3n entre arte y naturaleza. Mis ilustraciones y fotograf\u00edas capturan la esencia de lo natural, paisajes, texturas, luces, animales y peque\u00f1os detalles cotidianos.<\/span><\/p>\n                    <p><span style=\"font-size: 13px;\">\u200bMi c\u00e1mara me ayuda a capturar escenas que no solo me inspiran, sino que tambi\u00e9n forman parte de mi obra.<\/span><\/p>\n                    <p><span style=\"font-size: 13px;\">La naturaleza tiene su propio lenguaje y Vamala ha aprendido a escucharlo y traducirlo en im\u00e1genes e ilustraciones. Cada obra busca transmitir emociones y conectar de forma \u00fanica con quien la observa.&nbsp;<\/span><\/p>\n                    <p><span style=\"font-size: 13px;\">Mi filosof\u00eda es simple, la naturaleza es un poema visual. Y mi arte, una invitaci\u00f3n a detenerse, mirar y sentir.\ufeff<\/span><\/p>\n                    <p><span style=\"font-size: 13px;\">Te invito a formar parte de este viaje \ud83d\ude42&nbsp;&nbsp;<\/span><\/p>\n                    <p>\n                      <br>\n                    <\/p>\n                  <\/div>\n                <\/div>\n                <div data-colibri-id=\"186-c11\" class=\"h-x-container style-972 style-local-186-c11 position-relative h-element\">\n                  <!---->\n                  <div class=\"h-x-container-inner style-dynamic-186-c11-group style-972-spacing style-local-186-c11-spacing\"><span class=\"h-link__outer style-973-outer style-local-186-c12-outer d-inline-flex h-element\"><a h-use-smooth-scroll=\"true\" href=\"https:\/\/www.instagram.com\/vamala___\/\"  data-colibri-id=\"186-c12\" class=\"d-flex w-100 align-items-center h-link style-973 style-local-186-c12 position-relative\"><!----><span  class=\"h-svg-icon h-link__icon style-973-icon style-local-186-c12-icon\"><!--Icon by Socicon (http:\/\/www.socicon.com)--><svg version=\"1.1\" xmlns=\"http:\/\/www.w3.org\/2000\/svg\" viewBox=\"0 0 1500 1500\">\n\n<path d=\"M750 134.766c202.148 0 222.656 2.93 301.758 5.859 76.172 2.93 114.258 14.648 140.625 23.438 35.156 14.648 61.523 32.227 84.961 55.664 26.367 26.367 43.945 52.734 55.664 84.961 11.719 29.297 23.438 67.383 26.367 140.625 2.93 82.031 5.859 102.539 5.859 304.688s-2.93 222.656-5.859 301.758c-2.93 76.172-14.648 114.258-23.438 140.625-14.648 35.156-32.227 61.523-55.664 84.961-26.367 26.367-52.734 43.945-84.961 55.664-29.297 11.719-67.383 23.438-140.625 26.367-82.031 2.93-102.539 5.859-304.688 5.859s-222.656-2.93-301.758-5.859c-76.172-2.93-114.258-14.648-140.625-23.438-35.156-14.648-61.523-32.227-84.961-55.664-26.367-26.367-43.945-52.734-55.664-84.961-11.719-29.297-23.438-67.383-26.367-140.625-2.93-82.031-5.859-102.539-5.859-304.688s2.93-222.656 5.859-301.758c2.93-76.172 14.648-114.258 23.438-140.625 14.648-35.156 32.227-61.523 55.664-84.961 26.367-26.367 52.734-43.945 84.961-55.664 29.297-11.719 67.383-23.438 140.625-26.367 82.031-2.93 102.539-5.859 304.688-5.859M750 0c-205.078 0-228.516 2.93-307.617 5.859-82.031 2.93-137.695 14.648-181.641 32.227-49.805 20.508-93.75 46.875-134.766 87.891s-67.383 84.961-87.891 134.766c-17.578 46.875-29.297 99.609-32.227 181.641-2.93 79.102-5.859 102.539-5.859 307.617s2.93 228.516 5.859 307.617c2.93 82.031 14.648 137.695 32.227 181.641 20.508 49.805 46.875 93.75 87.891 134.766s84.961 67.383 134.766 87.891c46.875 17.578 99.609 29.297 181.641 32.227 79.102 2.93 102.539 5.859 307.617 5.859s228.516-2.93 307.617-5.859c82.031-2.93 137.695-14.648 181.641-32.227 49.805-20.508 93.75-46.875 134.766-87.891s67.383-84.961 87.891-134.766c17.578-46.875 29.297-99.609 32.227-181.641 2.93-79.102 5.859-102.539 5.859-307.617s-2.93-228.516-5.859-307.617c-2.93-82.031-14.648-137.695-32.227-181.641-20.508-49.805-46.875-93.75-87.891-134.766s-84.961-67.383-134.766-87.891c-46.875-17.578-99.609-29.297-181.641-32.227-79.102-2.93-102.539-5.859-307.617-5.859zM750 363.281c-213.867 0-386.719 172.852-386.719 386.719s172.852 386.719 386.719 386.719c213.867 0 386.719-172.852 386.719-386.719s-172.852-386.719-386.719-386.719zM750 1001.953c-137.695 0-251.953-114.258-251.953-251.953s114.258-251.953 251.953-251.953c137.695 0 251.953 114.258 251.953 251.953s-114.258 251.953-251.953 251.953zM1239.258 348.633c0 49.805-38.086 90.82-87.891 90.82s-90.82-41.016-90.82-90.82c0-49.805 41.016-87.891 90.82-87.891s87.891 38.086 87.891 87.891z\"><\/path>\n<\/svg>\n<\/span> <span><\/span><\/a>\n                    <\/span>\n                  <\/div>\n                <\/div>\n              <\/div>\n            <\/div>\n          <\/div>\n        <\/div>\n      <\/div>\n    <\/div>\n  <\/div>\n<\/div>","protected":false},"excerpt":{"rendered":"<p>BIOGRAF\u00cdA Mi nombre es Valeria Mart\u00ednez Lanchares. Soy dise\u00f1adora de moda, amante de [&hellip;]<\/p>\n","protected":false},"author":1,"featured_media":0,"parent":0,"menu_order":0,"comment_status":"closed","ping_status":"closed","template":"page-templates\/full-width-page.php","meta":{"footnotes":""},"class_list":["post-186","page","type-page","status-publish","hentry"],"_links":{"self":[{"href":"https:\/\/vamala.es\/index.php\/wp-json\/wp\/v2\/pages\/186","targetHints":{"allow":["GET"]}}],"collection":[{"href":"https:\/\/vamala.es\/index.php\/wp-json\/wp\/v2\/pages"}],"about":[{"href":"https:\/\/vamala.es\/index.php\/wp-json\/wp\/v2\/types\/page"}],"author":[{"embeddable":true,"href":"https:\/\/vamala.es\/index.php\/wp-json\/wp\/v2\/users\/1"}],"replies":[{"embeddable":true,"href":"https:\/\/vamala.es\/index.php\/wp-json\/wp\/v2\/comments?post=186"}],"version-history":[{"count":20,"href":"https:\/\/vamala.es\/index.php\/wp-json\/wp\/v2\/pages\/186\/revisions"}],"predecessor-version":[{"id":2341,"href":"https:\/\/vamala.es\/index.php\/wp-json\/wp\/v2\/pages\/186\/revisions\/2341"}],"wp:attachment":[{"href":"https:\/\/vamala.es\/index.php\/wp-json\/wp\/v2\/media?parent=186"}],"curies":[{"name":"wp","href":"https:\/\/api.w.org\/{rel}","templated":true}]}}